{"version":"1.0","type":"rich","width":"560px","height":"140px","title":"#006 - F\u00fcrstenwalde ohne Wald? - zu Besuch bei der \"B\u00fcrgerinitiative Walderhalt Spreetal\" in F\u00fcrstenwalde\/Spree","url":"https:\/\/www.kritiklos.de\/006-fuerstenwalde-ohne-wald\/","author_name":"kritiklos - Der Podcast von, mit und f\u00fcr B\u00fcrger*inneninitiativen, Aktionsb\u00fcndnissen und engagierten B\u00fcrger*innen","author_url":"https:\/\/www.kritiklos.de","thumbnail_url":"https:\/\/www.kritiklos.de\/podcast\/kritiklos006-fuerstenwalde.jpg","html":"<iframe width=\"560px\" height=\"140px\" src=\"https:\/\/www.kritiklos.de\/006-fuerstenwalde-ohne-wald\/?standalonePlayer\"><\/iframe>"}

#006 - Fürstenwalde ohne Wald? - zu Besuch bei der "Bürgerinitiative Walderhalt Spreetal" in Fürstenwalde/Spree

kritiklos - Der Podcast von, mit und für Bürger*inneninitiativen, Aktionsbündnissen und engagierten Bürger*innen
