{"version":"1.0","type":"rich","width":"560px","height":"140px","title":"M\u00e4nner, die auf Gullideckel starren - Gespr\u00e4ch mit Marion und Daniela (Aktionsb\u00fcndnis lebenswertes Rahden e.V.) - \u00fcber den gesellschaftlichen Wandel in der westdeutschen Provinz, \u00fcber Industriepolitik und was das alles mit dem Krieg in der Ukraine zu tun hat.","url":"https:\/\/www.kritiklos.de\/003-maenner-die-auf-gullideckel-starren\/","author_name":"kritiklos - Der Podcast von, mit und f\u00fcr B\u00fcrger*inneninitiativen, Aktionsb\u00fcndnissen und engagierten B\u00fcrger*innen","author_url":"https:\/\/www.kritiklos.de","thumbnail_url":"https:\/\/www.kritiklos.de\/podcast\/kritiklos003-Aktionsbuendnis-Rahden.jpg","html":"<iframe width=\"560px\" height=\"140px\" src=\"https:\/\/www.kritiklos.de\/003-maenner-die-auf-gullideckel-starren\/?standalonePlayer\"><\/iframe>"}

Männer, die auf Gullideckel starren - Gespräch mit Marion und Daniela (Aktionsbündnis lebenswertes Rahden e.V.) - über den gesellschaftlichen Wandel in der westdeutschen Provinz, über Industriepolitik und was das alles mit dem Krieg in der Ukraine zu tun hat.

kritiklos - Der Podcast von, mit und für Bürger*inneninitiativen, Aktionsbündnissen und engagierten Bürger*innen
